{"id":22,"date":"2021-10-09T13:29:43","date_gmt":"2021-10-09T13:29:43","guid":{"rendered":"http:\/\/www.corentin-sondaz.com\/?page_id=22"},"modified":"2021-11-02T12:22:12","modified_gmt":"2021-11-02T12:22:12","slug":"presentation","status":"publish","type":"page","link":"https:\/\/www.corentin-sondaz.com\/index.php\/presentation\/","title":{"rendered":"Pr\u00e9sentation"},"content":{"rendered":"<section id=\"gm9a0411c\" class=\"wp-block-gutentor-m4 section-gm9a0411c gutentor-module gutentor-advanced-columns\"><div class=\"grid-container\"><div class=\"grid-row\"><div id=\"col-gm6d68b1\" class=\"wp-block-gutentor-m4-col col-gm6d68b1 gutentor-single-column  grid-lg-3 grid-md-12 grid-12\"><div id=\"section-gm6d68b1\" class=\"section-gm6d68b1 gutentor-col-wrap\"><div id=\"section-g1994ca\" class=\"wp-block-gutentor-e6 section-g1994ca gutentor-element gutentor-element-image\"><div class=\"gutentor-element-image-box\"><div class=\"gutentor-image-thumb\"><img decoding=\"async\" class=\"normal-image\" src=\"https:\/\/www.corentin-sondaz.com\/wp-content\/uploads\/2021\/11\/Loeil-de-Kronos-36.jpg\"\/><\/div><\/div><\/div><\/div><\/div>\n\n<div id=\"col-gm45e2bb\" class=\"wp-block-gutentor-m4-col col-gm45e2bb gutentor-single-column  grid-lg-9 grid-md-12 grid-12\"><div id=\"section-gm45e2bb\" class=\"section-gm45e2bb gutentor-col-wrap\"><div id=\"section-g050fff\" class=\"wp-block-gutentor-e1 section-g050fff gutentor-element gutentor-element-advanced-text\"><div class=\"gutentor-text-wrap\" style=\"text-align: justify;\"><p class=\"gutentor-text\"><br>J&rsquo;ai d\u00e9but\u00e9 la photographie pendant mon adolescence, ce n&rsquo;est que r\u00e9cemment que j&rsquo;ai d\u00e9cid\u00e9 de me sp\u00e9cialiser peu \u00e0 peu dans l&rsquo;esth\u00e9tique architecturale d&rsquo;\u00e9difices anciens.<br><br>Je parcours la France et l&rsquo;Europe \u00e0 la recherche de ces lieux atypiques, d\u00e9laiss\u00e9s ou abandonn\u00e9s. J&rsquo;ai envie de partager par mes photographies mon ressenti lors de ces diff\u00e9rentes visites ainsi que les compositions spatiales dessin\u00e9es dans ces architectures.<br><br>Ne pouvant me contenter que de l&rsquo;image architecturale, je m&rsquo;essaie \u00e9galement \u00e0 la photographie du patrimoine paysager et la technique infrarouge.<\/p><\/div><\/div>\n\n<p><\/p><\/div><\/div><\/div><\/div><\/section><p><p style=\"text-align: justify;\">Vous pourrez retrouver sur ce site une s\u00e9lection de mes photographies ainsi que mon actualit\u00e9, mes participations \u00e0 diff\u00e9rentes expositions mais aussi mes coups de coeur artistiques et culturels.  Une partie boutique vous permettra de commander des tirages en diff\u00e9rents formats.<\/p><\/p>","protected":false},"excerpt":{"rendered":"<p>Vous pourrez retrouver sur ce site une s\u00e9lection de mes photographies ainsi que mon actualit\u00e9, mes participations \u00e0 diff\u00e9rentes expositions mais aussi mes coups de coeur artistiques et culturels. Une partie boutique vous permettra de commander des tirages en diff\u00e9rents formats.<\/p>\n","protected":false},"author":1,"featured_media":0,"parent":0,"menu_order":0,"comment_status":"closed","ping_status":"closed","template":"template-full-width.php","meta":{"footnotes":""},"class_list":["post-22","page","type-page","status-publish","hentry"],"_links":{"self":[{"href":"https:\/\/www.corentin-sondaz.com\/index.php\/wp-json\/wp\/v2\/pages\/22","targetHints":{"allow":["GET"]}}],"collection":[{"href":"https:\/\/www.corentin-sondaz.com\/index.php\/wp-json\/wp\/v2\/pages"}],"about":[{"href":"https:\/\/www.corentin-sondaz.com\/index.php\/wp-json\/wp\/v2\/types\/page"}],"author":[{"embeddable":true,"href":"https:\/\/www.corentin-sondaz.com\/index.php\/wp-json\/wp\/v2\/users\/1"}],"replies":[{"embeddable":true,"href":"https:\/\/www.corentin-sondaz.com\/index.php\/wp-json\/wp\/v2\/comments?post=22"}],"version-history":[{"count":22,"href":"https:\/\/www.corentin-sondaz.com\/index.php\/wp-json\/wp\/v2\/pages\/22\/revisions"}],"predecessor-version":[{"id":686,"href":"https:\/\/www.corentin-sondaz.com\/index.php\/wp-json\/wp\/v2\/pages\/22\/revisions\/686"}],"wp:attachment":[{"href":"https:\/\/www.corentin-sondaz.com\/index.php\/wp-json\/wp\/v2\/media?parent=22"}],"curies":[{"name":"wp","href":"https:\/\/api.w.org\/{rel}","templated":true}]}}

Présentation

<section id="gm9a0411c" class="wp-block-gutentor-m4 section-gm9a0411c gutentor-module gutentor-advanced-columns"><div class="grid-container"><div class="grid-row"><div id="col-gm6d68b1" class="wp-block-gutentor-m4-col col-gm6d68b1 gutentor-single-column  grid-lg-3 grid-md-12 grid-12"><div id="section-gm6d68b1" class="section-gm6d68b1 gutentor-col-wrap"><div id="section-g1994ca" class="wp-block-gutentor-e6 section-g1994ca gutentor-element gutentor-element-image"><div class="gutentor-element-image-box"><div class="gutentor-image-thumb"><img decoding="async" class="normal-image" src="https://www.corentin-sondaz.com/wp-content/uploads/2021/11/Loeil-de-Kronos-36.jpg"/></div></div></div></div></div>

<div id="col-gm45e2bb" class="wp-block-gutentor-m4-col col-gm45e2bb gutentor-single-column  grid-lg-9 grid-md-12 grid-12"><div id="section-gm45e2bb" class="section-gm45e2bb gutentor-col-wrap"><div id="section-g050fff" class="wp-block-gutentor-e1 section-g050fff gutentor-element gutentor-element-advanced-text"><div class="gutentor-text-wrap" style="text-align: justify;"><p class="gutentor-text"><br>J&rsquo;ai débuté la photographie pendant mon adolescence, ce n&rsquo;est que récemment que j&rsquo;ai décidé de me spécialiser peu à peu dans l&rsquo;esthétique architecturale d&rsquo;édifices anciens.<br><br>Je parcours la France et l&rsquo;Europe à la recherche de ces lieux atypiques, délaissés ou abandonnés. J&rsquo;ai envie de partager par mes photographies mon ressenti lors de ces différentes visites ainsi que les compositions spatiales dessinées dans ces architectures.<br><br>Ne pouvant me contenter que de l&rsquo;image architecturale, je m&rsquo;essaie également à la photographie du patrimoine paysager et la technique infrarouge.</p></div></div>

<p></p></div></div></div></div></section><p><p style="text-align: justify;">Vous pourrez retrouver sur ce site une sélection de mes photographies ainsi que mon actualité, mes participations à différentes expositions mais aussi mes coups de coeur artistiques et culturels.  Une partie boutique vous permettra de commander des tirages en différents formats.</p></p>

<p>Vous pourrez retrouver sur ce site une sélection de mes photographies ainsi que mon actualité, mes participations à différentes expositions mais aussi mes coups de coeur artistiques et culturels. Une partie boutique vous permettra de commander des tirages en différents formats.</p>
